**2 - 7*a - 5. Calculate s(6).
-83
Let n(h) = h**3 + 12*h**2 - h - 3. Calculate n(-12).
9
Let b(h) = 4*h + 102. Give b(-23).
10
Let m(j) = j**3 - 4*j**2 - 4*j + 14. Give m(5).
19
Let p(h) = -h**3 + 9*h**2 - h + 8. Calculate p(9).
-1
Let s(j) = j**2 - 6*j + 14. Calculate s(8).
30
Let g(r) = -r**3 + 5*r**2 - 5*r + 4. Calculate g(3).
7
Let a(d) = -11*d + 5. What is a(3)?
-28
Let r(m) = -m**3 - 3*m**2 - 2*m - 1. Calculate r(-3).
5
Let l(m) = -m**3 + 5*m**2 + 2*m + 3. Calculate l(5).
13
Let m(r) = -r - 2. Determine m(4).
-6
Let g(s) = -31*s + 75. Calculate g(3).
-18
Let a(n) = -n**2 + 98*n + 2779. Determine a(-23).
-4
Let d(x) = x**2 + 2*x + 6. Determine d(-2).
6
Let l(k) = -2*k**2 - 17*k - 24. What is l(-7)?
-3
Let x(z) = -8*z + 31. Determine x(21).
-137
Let v(i) = i**3 + 8*i**2 + 2*i + 8. Determine v(-8).
-8
Let p(o) = o**3 - 62. Give p(0).
-62
Let z(l) = 10*l - 11. What is z(4)?
29
Let a(b) = -4*b**2 + 9*b - 1. What is a(6)?
-91
Let u(q) = -q**2 + 2*q + 4. Give u(0).
4
Let y(w) = 4*w**2 - 2*w - 2. Determine y(-3).
40
Let n(p) = -5*p**3 + 2*p**2 - 4*p + 8. Calculate n(2).
-32
Let o(a) = a**3 - 12*a**2 + 34*a + 6. Determine o(6).
-6
Let o(z) = z**3 + 13*z**2 + 14*z - 25. Give o(-11).
63
Let n(q) = -3*q**3 + 42*q**2 - 5*q + 67. What is n(14)?
-3
Let f(b) = b**2 + 2*b + 3. Give f(3).
18
Let w(r) = -17*r + 111. Calculate w(6).
9
Let f(i) = 4*i**2 + 2*i + 36. Determine f(0).
36
Let i(n) = 71*n**3 - n**2 + n - 1. Determine i(1).
70
Let w(c) = c**2 - 14*c - 9. What is w(15)?
6
Let u(p) = -p**3 - 3*p**2 - 2*p - 2. What is u(-3)?
4
Let b(r) = -r**3 - 7*r**2 - 7*r - 4. Give b(-6).
2
Let s(r) = 4*r - 1. Determine s(-2).
-9
Let b(i) = -5*i**2 - 15*i - 4. What is b(-3)?
-4
Let f(r) = 6*r**3 - r - 1. Give f(-2).
-47
Let w(o) = -7*o - 319. Calculate w(-45).
-4
Let z(j) = 3*j**3 + 2*j**2 + 2*j - 10. Calculate z(-3).
-79
Let n(i) = 78*i - 51. Give n(1).
27
Let c(r) = -r**2 - 10*r - 1. What is c(5)?
-76
Let i(u) = 12*u + 48. What is i(-10)?
-72
Let d(c) = 4*c + 63. Determine d(-26).
-41
Let h(t) = t**3 - 5*t**2 - 6*t - 12. Determine h(6).
-12
Let j(v) = -v**2 + 17*v - 26. Calculate j(15).
4
Let u(b) = -b**2 - 13*b - 4. Give u(-11).
18
Let u(w) = w**2 - 7*w - 10. Calculate u(8).
-2
Let t(n) = -8*n - 15. Give t(-3).
9
Let t(r) = r + 8. What is t(-6)?
2
Let p(v) = -v**3 + 3*v**2 - 3*v + 5. What is p(4)?
-23
Let n(b) = 13*b + 51. Determine n(-7).
-40
Let s(j) = -2*j**2 + 9*j - 21. Determine s(4).
-17
Let w(x) = -x**3 - 4*x**2 + 23*x + 13. Give w(-7).
-1
Let g(o) = 4*o - 25. Give g(4).
-9
Let w(f) = f**2 + 32*f + 235. What is w(-14)?
-17
Let v(a) = -2*a**3 + 2*a**2 - 2*a - 2. Give v(3).
-44
Let q(i) = i**3 - 8*i**2 - 10*i + 2. What is q(9)?
-7
Let x(v) = v**2 - 14*v - 11. Determine x(15).
4
Let c(m) = -m**3 + 6*m**2 + 15*m + 14. Calculate c(8).
6
Let l(z) = -14*z - 19. Give l(-2).
9
Let p(q) = 15*q - 7. What is p(2)?
23
Let t(d) = -d**2 - 9*d - 33. Determine t(-5).
-13
Let y(f) = -f**2 - 2*f + 2. Determine y(-3).
-1
Let q(z) = 6*z - 3. What is q(-14)?
-87
Let l(a) = -2*a**3 - 2*a**2 + a. Determine l(-2).
6
Let q(n) = -3*n**2 - 10*n + 6. Determine q(-5).
-19
Let r(a) = -a**2 + 21*a + 25. Give r(17).
93
Let b(k) = 10*k + 456. Calculate b(-45).
6
Let t(j) = j**3 - 4*j**2 + 5*j - 2. Give t(3).
4
Let b(h) = h**3 - 2*h**2 - 3*h - 2. Give b(0).
-2
Let p(y) = y**3 + 9*y**2 - 5*y + 30. Determine p(-10).
-20
Let z(y) = -y**3 + 4*y**2 + 4*y + 34. Give z(7).
-85
Let i(y) = y**2 + 13*y - 16. Determine i(-13).
-16
Let c(l) = 11*l**2 - 13*l + 5. What is c(2)?
23
Let r(u) = -u - 13. Determine r(-9).
-4
Let q(f) = -2*f**3 + 8*f**2 - 5*f + 8. Calculate q(4).
-12
Let t(k) = k**2 + 64*k - 569. What is t(-72)?
7
Let f(p) = -10*p**3 + 2*p**2 - 4*p + 2. Determine f(1).
-10
Let f(i) = 2*i**2 + 8*i + 6. What is f(-4)?
6
Let i(r) = 6*r + 3. What is i(2)?
15
Let s(a) = a**3 - 12*a**2 - a + 4. Determine s(12).
-8
Let s(f) = -f**2 + 33*f - 250. Calculate s(20).
10
Let s(q) = 27*q**3 + 2*q**2 - 2. Determine s(1).
27
Let w(z) = 18*z + 4. Calculate w(4).
76
Let t(k) = 3*k - 12. Give t(1).
-9
Let g(x) = -5*x + 57. Determine g(12).
-3
Let p(y) = -2*y**3 + 2*y + 2. What is p(-2)?
14
Let g(c) = 2*c**2 + 52*c + 99. Determine g(-24).
3
Let k(x) = -x**2 + 16*x + 35. What is k(16)?
35
Let b(f) = -5*f + 24. Determine b(5).
-1
Let k(x) = 6*x + 6. Determine k(-9).
-48
Let g(f) = -f**2 + 3*f - 3. Determine g(4).
-7
Let w(b) = 2*b + 22. Calculate w(-13).
-4
Let r(x) = x**2 + 20*x + 24. Calculate r(-16).
-40
Let l(u) = u**3 - 21*u**2 + 21*u - 18. Give l(20).
2
Let k(c) = -2*c**2 + 15*c - 6. Give k(7).
1
Let i(l) = -l**3 + 8*l**2 + l + 2. Calculate i(8).
10
Let s(y) = 5*y + 36. Give s(-7).
1
Let o(p) = p**3 - 5*p**2 - 3*p. Calculate o(4).
-28
Let f(b) = -15*b - 2. Give f(-4).
58
Let z(b) = -4*b - 45. Give z(-11).
-1
Let s(u) = u**2 + 18*u - 58. What is s(3)?
5
Let m(d) = d**3 + 5*d**2 - 4*d - 4. What is m(-7)?
-74
Let l(d) = -d**3 + 33*d**2 - 34*d + 64. What is l(32)?
0
Let j(l) = -l**2 - 43*l + 301. Determine j(-49).
7
Let w(s) = -s**3 - 15*s**2 - 11*s + 14. Determine w(-14).
-28
Let l(z) = z**2 + 13*z + 13. Determine l(-11).
-9
Let y(j) = j**3 - 20*j**2 - 45*j + 24. Determine y(22).
2
Let f(y) = 2*y**3 - 32*y**2 - 34*y - 12. Determine f(17).
-12
Let f(x) = -2*x**2 - x + 2. What is f(4)?
-34
Let z(c) = c**2 + 2*c - 7. Determine z(-5).
8
Let t(f) = -5*f**3 - f**2 + f + 1. Calculate t(-2).
35
Let a(t) = -t**2 - 12*t - 11. What is a(-10)?
9
Let j(o) = -21*o**2. Give j(-1).
-21
Let j(f) = -f**3 + 12*f**2 - 19*f - 20. Determine j(10).
-10
Let h(b) = b**3 - 16*b**2 - b + 12. What is h(16)?
-4
Let s(y) = -y**3 + 31*y**2 - 60*y + 60. What is s(29)?
2
Let z(n) = 7*n**3 + n**2 + n - 1. Calculate z(1).
8
Let o(v) = -31*v**2 - v. What is o(-1)?
-30
Let f(n) = -13*n + 287. Determine f(21).
14
Let v(g) = -g**3 - 13*g**2 - 12*g + 5. What is v(-11)?
-105
Let l(v) = 17*v - 9. Calculate l(1).
8
Let z(i) = -i**3 - 23*i**2 + i + 9. Determine z(-23).
-14
Let l(r) = 3*r - 6. Determine l(4).
6
Let t(w) = -2*w**3 + 15*w**2 - 16*w + 2. Give t(6).
14
Let n(d) = -5*d**2 + 2*d - 1. Give n(2).
-17
Let d(h) = -h + 19. Give d(14).
5
Let u(o) = o**3 - 15*o**2 + 13*o + 19. Give u(14).
5
Let f(i) = -i**2 - 9*i - 17. What is f(-5)?
3
Let f(a) = -a**2 + 9*a - 3. Give f(9).
-3
Let q(g) = g**3 - 5*g**2 + 6*g + 7. Give q(3).
7
Let s(p) = -p**3 - 4*p**2 + 5*p - 6. What is s(-5)?
-6
Let w(m) = 7*m - 57. Determine w(-13).
-148
Let v(x) = -x - 14. What is v(-10)?
-4
Let c(f) = 3*f**2 - 5*f - 3. Give c(3).
9
Let p(i) = 2*i**3 - 6*i**2 - 18*i - 3. What is p(-2)?
-7
Let p(w) = -w**2 - 3*w + 2. Calculate p(0).
2
Let n(o) = 4*o**3 - 41*o**2 - 35*o + 20. Give n(11).
-2
Let j(h) = -25*h + 181. What is j(7)?
6
Let x(s) = 2*s**2 + s - 17. What is x(0)?
-17
Let y(v) = 3*v + 5. Determine y(-6).
-13
Let y(m) = -2*m + 27. What is y(14)?
-1
Let v(d) = -d**3 - 4*d - 31. What is v(-3)?
8
Let d(s) = -s**2 - 11*s - 7. Determine d(-10).
3
Let c(d) = 4*d + 72. What is c(-20)?
-8
Let z(u) = 2*u + 2. What is z(-3)?
-4
Let c(o) = -30*o + 4. What is c(-4)?
124
Let d(m) = m**3 - 8*m**2 + 7*m - 2. Determine d(8).
54
Let z(w) = -w**2 - 30*w + 12. Give z(-31).
-19
Let j(x) = -x**3 + 12*x**2 - 14*x + 36. What is j(11)?
3
Let r(i) = -i + 27. Give r(18).
9
Let r(k) = k**2 + 4*k + 1. Determine r(4).
33
Let r(u) = -22*u - 102. Calculate r(-5).
8
Let s(r) = -r + 2. What is s(-9)?
11
Let t(j) = 6*j**3 - j + 2. Determine t(1).
7
Let g(x) = 12*x - 11. Give g(5).
49
Let c(f) = -f**3 - f**2 + 34. Give c(0).
34
Let v(r) = -11*r + 42. Calculate v(5).
-13
Let h(c) = -c**2 - 11*c + 2. Determine h(-10).
12
Let z(a) = a**2 - 6*a - 1. Calculate z(2).
-9
Let b(i) = i**3 - 12*i**2 - 40*i + 344. Determine b(13).
-7
Let d(c) = c + 8. What is d(17)?
25
Let m(h) = 10*h + 368. Give m(-37).
-2
Let i(r) = -r**2 - 12*r + 26. Give i(2).
-2
Let r(y) = -y. Determine r(-1).
1
Let d(m) = m**2 + 5*m - 9. Calculate d(-6).
-3
Let q(g) = g**2 - 33*g + 204. Determine q(9).
-12
Let t(a) = 2*a**3 - 11*a**2 + 6*a - 3. Give t(5).
2
Let n(r) = -r**3 + 24*r**2 - 21*r - 49. Determine n(23).
-3
Let j(m) = -m**2 - m + 6. Give j(-6).
-24
Let z(b) = -b**2 + 4*b + 6. Determine z(13).
-111
Let r(v) = v**2 - 10*v + 12. Calculate r(10).
12
Let a(m) = 15*m + 7. Give a(-1).
-8
Let m(n) = n**2 + 4*n - 2. What is m(4)?
30
Let m(o) = 2